t is -3583a97 (base 11) in base 7?
-104026226
Convert -182925 (base 11) to base 9.
-468685
Convert -23556782 (base 9) to base 12.
-3a23292
-82db (base 15) to base 14
-a116
What is 131221303211 (base 4) in base 11?
442a30a
Convert -6416 (base 15) to base 14.
-7a03
What is 3a301a (base 11) in base 2?
10011010101011101001
-172c7b (base 13) to base 12
-23a414
-1184dd (base 16) to base 12
-474511
What is 4763122 (base 8) in base 3?
2110020221201
Convert -367563 (base 14) to base 5.
-434123433
What is 7021662 (base 8) in base 10?
1844146
Convert -443031314 (base 5) to base 7.
-22232132
25834612 (base 9) to base 11
71a7772
Convert -10010111111110 (base 2) to base 5.
-302401
Convert 6679b8 (base 13) to base 15.
32ad85
What is 532852 (base 9) in base 3?
121002221202
1002222012120 (base 3) to base 10
589911
-10165660 (base 7) to base 13
-23ccb3
Convert -165042 (base 8) to base 9.
-101187
What is 111323 (base 9) in base 4?
100100223
5d40 (base 15) to base 2
100110110010100
Convert -22a13 (base 14) to base 9.
-137563
What is 92085 (base 14) in base 7?
2662225
-148a03 (base 15) to base 4
-3301332120
Convert -2300432 (base 6) to base 15.
-2491e
224035502 (base 6) to base 9
7655052
Convert a302a (base 11) to base 15.
2e890
Convert 132301330 (base 4) to base 5.
13013301
Convert 11210103201 (base 4) to base 13.
3c1386
Convert 18a7815 (base 11) to base 3.
20001102110022
-34220123 (base 5) to base 2
-1001010010100011101
-213341 (base 10) to base 7
-1545662
Convert -220214 (base 10) to base 2.
-110101110000110110
112222121120 (base 3) to base 9
488546
Convert 3006600 (base 7) to base 8.
1265743
What is -5626 (base 9) in base 7?
-15054
-623553 (base 13) to base 4
-20233222200
Convert 7042524 (base 8) to base 2.
111000100010101010100
What is 2142020022 (base 5) in base 16?
46d45f
What is -41453553 (base 6) in base 8?
-4461155
Convert -303010 (base 8) to base 11.
-69021
-817506 (base 10) to base 15
-112356
-100100101101010 (base 2) to base 9
-27702
Convert -22012121222 (base 3) to base 8.
-473437
11223102301 (base 4) to base 3
2210121012221
-20770228 (base 9) to base 8
-46174664
What is 240743 (base 11) in base 10?
381560
26e20d (base 16) to base 3
11210110112011
Convert -14480868 (base 9) to base 13.
-1650461
Convert -4b0ac4 (base 13) to base 7.
-21211202
Convert -2123312 (base 6) to base 13.
-38702
What is -22000120222101 (base 3) in base 15?
-59326a
-10001100000010111101110 (base 2) to base 10
-4589038
Convert -1571217 (base 8) to base 10.
-455311
What is -110112320003 (base 4) in base 14?
-9ccb63
What is 5216067 (base 9) in base 16?
2a83fb
Convert -b7a017 (base 13) to base 10.
-4306140
-356a3b (base 14) to base 10
-1824029
Convert 1141536 (base 7) to base 9.
240410
2187283 (base 10) to base 2
1000010110000000010011
Convert -44140314 (base 5) to base 12.
-164399
8b6421 (base 12) to base 9
4167537
Convert 3b0b9 (base 12) to base 2.
10011110111001101
Convert -101110011111101101111101 (base 2) to base 6.
-1113124233
Convert -101011001220 (base 3) to base 15.
-3e2ec
What is -2058608 (base 9) in base 5?
-240231023
Convert 11100010001000010001 (base 2) to base 14.
1a178d
Convert -1642430 (base 8) to base 6.
-14113424
What is 1011110100111100100000 (base 2) in base 5?
1243203243
What is 78169 (base 14) in base 2?
1000111000101010001
-4cabb9 (base 16) to base 5
-2241242242
Convert -1035153413 (base 6) to base 12.
-38a5869
-136655553 (base 7) to base 11
-5126041
-9250a (base 11) to base 6
-2521114
-31032302 (base 4) to base 16
-d3b2
Convert -2032564 (base 7) to base 5.
-30242403
Convert 3040562 (base 7) to base 6.
11435452
-10a4427 (base 13) to base 8
-23423574
-23231202 (base 4) to base 16
-bb62
Convert 985032 (base 13) to base 12.
1248513
What is -1318824 (base 12) in base 14?
-701388
-2277 (base 11) to base 7
-11466
1874b9 (base 13) to base 16
96634
-249686 (base 12) to base 8
-2216206
-556763 (base 8) to base 5
-22003031
Convert 28427a (base 11) to base 12.
195557
73a70 (base 13) to base 3
101120201210
-11000011010010010001 (base 2) to base 8
-3032221
Convert -2111110111 (base 3) to base 14.
-13ccc
-310781 (base 11) to base 13
-14600b
38075 (base 16) to base 13
805c4
1066832 (base 13) to base 14
946b38
-3250555 (base 8) to base 16
-d516d
1110101101011010010111 (base 2) to base 4
32231122113
Convert 122002210231 (base 4) to base 9.
13753811
What is 69f71 (base 16) in base 3?
211001101022
Convert 25151441 (base 6) to base 8.
3051561
201212111121 (base 3) to base 9
655447
Convert -45235105 (base 6) to base 9.
-2523175
What is 8135057 (base 9) in base 14?
80b605
What is -22122120112 (base 3) in base 14?
-460a8
What is 116274 (base 14) in base 4?
2100310232
-bbe5 (base 16) to base 3
-2102222112
-163c55 (base 14) to base 4
-2332023203
What is 24aa3 (base 13) in base 2?
10000100010010101
-3361662 (base 8) to base 9
-1636567
-26172153 (base 8) to base 14
-aba77d
1010011011001011001111 (base 2) to base 12
ab9553
Convert -1d982 (base 16) to base 4.
-131212002
-15355440 (base 6) to base 3
-1000122121020
Convert -100101110000001101011 (base 2) to base 6.
-42303151
-4bcc4 (base 13) to base 6
-3002531
What is 424951 (base 12) in base 14?
1d2bdb
-898617 (base 10) to base 2
-11011011011000111001
What is -10000000101011101110011 (base 2) in base 6?
-230213415
78c0a (base 16) to base 5
111311402
Convert -d730e5 (base 15) to base 16.
-9c32ae
What is -33311110202 (base 4) in base 2?
-1111110101010100100010
2713451 (base 11) to base 15
6297d8
What is -95889 (base 12) in base 4?
-233332221
What is -171303 (base 9) in base 7?
-620616
111101101010101001010 (base 2) to base 14
3a8586
What is 19847 (base 16) in base 10?
104519
What is -11000100111000011 (base 2) in base 12?
-4a403
What is 2802a (base 14) in base 15?
1e432
Convert -1545141 (base 7) to base 3.
-101211021220
Convert -121122021012212 (base 3) to base 2.
-100001101110111010110000
-b4804 (base 14) to base 13
-123091
-23110344 (base 6) to base 16
-ad1b8
-10000010001101110010001 (base 2) to base 5
-2043020042
10043455 (base 7) to base 12
342a64
11111010001111001011011 (base 2) to base 10
8199771
What is 121202001120 (base 3) in base 16?
5074e
Convert -135e73 (base 16) to base 11.
-797767
-9838a5 (base 11) to base 5
-400243123
61844 (base 9) to base 5
2301113
What is 1132313321 (base 4) in base 7?
3205643
What is -79957 (base 12) in base 16?
-27913
-7a141 (base 11) to base 10
-115963
What is 58552 (base 12) in base 16?
1ce0e
11114331 (base 5) to base 12
48923
1d545c (base 14) to base 4
10000302222
977a5 (base 12) to base 13
6cc74
243305351 (base 6) to base 4
101231222203
Convert 3102340 (base 5) to base 9.
76048
What is -dc2ce (base 16) in base 7?
-10444160
What is 160512220 (base 7) in base 4?
221023011031
Convert -37863 (base 13) to base 8.
-310137
-6c5311 (base 13) to base 4
-21312113230
322540135 (base 6) to base 2
10101111000011011011011
Convert 27624 (base 14) to base 12.
48340
-472116 (base 10) to base 14
-c40a8
6168580 (base 9) to base 5
1320341440
Convert 500243 (base 8) to base 6.
3303135
Convert -c37d7d (base 14) to base 7.
-110010516
What is -673a94 (base 14) in base 12?
-1211056
What is 88471 (base 10) in base 16?
15997
Convert -353828 (base 10) to base 13.
-c5087
Convert -1034000100 (base 5) to base 6.
-120120441
-145337 (base 10) to base 16
-237b9
131121344 (base 6) to base 13
6c2b45
10110110011111 (base 2) to base 3
121000120
Convert 545301 (base 11) to base 14.
18950a
What is -1244010 (base 7) in base 14?
-431b0
403d (base 15) to base 6
142434
Convert 1b9ae (base 15) to base 2.
10101111101010011
What is -29217 (base 12) in base 3?
-2220122101
-200303131233 (base 4) to base 16
-83376f
What is -2e291 (base 16) in base 12?
-91501
Convert 110111121000 (base 3) to base 10.
246105
Convert -d445 (base 14) to base 15.
-ac47
-21200020000 (base 3) to base 6
-3123213
Convert -26653705 (base 8) to base 10.
-5986245
What is -6c4453 (base 13) in base 15?
-35e6b7
What is -28354 (base 16) in base 10?
-164692
What is -112102310121 (base 4) in base 9?
-11886720
-101001001011001010010 (base 2) to base 15
-1b9b6c
What is -19569 (base 12) in base 11?
-25958
18c7a9c (base 13) to base 12
289464b
31140440 (base 5) to base 16
3e701
-1015a4 (base 12) to base 16
-3d60c
Convert 73425 (base 10) to base 12.
365a9
What is -51643 (base 7) in bas